{"id":437,"date":"2019-07-18T11:50:19","date_gmt":"2019-07-18T09:50:19","guid":{"rendered":"http:\/\/stc.uniroma2.it\/labcaptorvergata\/?page_id=437"},"modified":"2025-09-11T14:30:32","modified_gmt":"2025-09-11T12:30:32","slug":"direzione-del-laboratorio","status":"publish","type":"page","link":"https:\/\/stc.uniroma2.it\/labcaptorvergata\/chi-siamo\/direzione-del-laboratorio\/","title":{"rendered":"Direzione del Laboratorio"},"content":{"rendered":"\n<figure class=\"wp-block-table is-style-regular\"><table><tbody><tr><td><img decoding=\"async\" loading=\"lazy\" width=\"150\" height=\"200\" src=\"https:\/\/stc.uniroma2.it\/labcaptorvergata\/wp-content\/uploads\/2025\/09\/scheda_RPaolesse.jpg\" alt=\"RPaolesse\" style=\"width: 120px;\" class=\"wp-image-677\"><\/td><td>&nbsp;&nbsp;<\/td><td><strong>Prof. Roberto Paolesse<\/strong><br><strong><em><span style=\"color:#cf2e2e\" class=\"tadv-color\">Direttore LabCap<\/span><\/em><\/strong><br><font size=\"2.5pt\"><span style=\"color:#758f2f\" class=\"tadv-color\"><a href=\"https:\/\/stc.uniroma2.it\/labcaptorvergata\/wp-content\/uploads\/2025\/09\/cv_Paolesse2025.pdf\" target=\"_blank\" rel=\"noreferrer noopener\">Download CV<\/a><\/span><\/font><\/td><td><img decoding=\"async\" loading=\"lazy\" width=\"120\" height=\"170\" class=\"wp-image-552\" style=\"width: 120px;\" src=\"http:\/\/stc.uniroma2.it\/labcaptorvergata\/wp-content\/uploads\/2021\/01\/pic_FArduini.jpg\" alt=\"\"><\/td><td>&nbsp;&nbsp;<\/td><td><strong>Prof. Fabiana<\/strong> <strong>Arduini <\/strong><br><strong><em><span style=\"color:#cf2e2e\" class=\"tadv-color\">Responsabile Gestione Qualit\u00e0&nbsp;<\/span><br><\/em><\/strong><font size=\"2.5pt\"><a aria-label=\"Download CV (opens in a new tab)\" href=\"http:\/\/stc.uniroma2.it\/labcaptorvergata\/wp-content\/uploads\/2019\/07\/cv_ARDUINI.pdf\" target=\"_blank\" rel=\"noreferrer noopener\"><span style=\"color:#758f2f\" class=\"tadv-color\">Download CV<\/span><\/a><\/font><\/td><\/tr><\/tbody><\/table><\/figure>\n\n\n\n<hr class=\"wp-block-separator has-css-opacity\"\/>\n\n\n\n<figure class=\"wp-block-table is-style-regular\"><table><tbody><tr><td><img decoding=\"async\" loading=\"lazy\" width=\"180\" height=\"200\" src=\"https:\/\/stc.uniroma2.it\/labcaptorvergata\/wp-content\/uploads\/2025\/09\/scheda_lduranti.jpg\" alt=\"Leonardo Duranti\" style=\"width: 120px;\" class=\"wp-image-680\"><\/td><td>&nbsp;&nbsp;<\/td><td><strong>Dr. Leonardo Duranti<\/strong><br><strong><em><span style=\"color:#cf2e2e\" class=\"tadv-color\">Supporto Gestione Qualit\u00e0&nbsp;<\/span>  <\/em><\/strong><br><font size=\"2.5pt\"><span style=\"color:#758f2f\" class=\"tadv-color\"><a aria-label=\" (opens in a new tab)\" href=\"http:\/\/stc.uniroma2.it\/labcaptorvergata\/wp-content\/uploads\/2022\/09\/cv_DurantiL.pdf\" target=\"_blank\" rel=\"noreferrer noopener\">Download CV<\/a><\/span><\/font><\/td><td><img decoding=\"async\" loading=\"lazy\" width=\"150\" height=\"200\" class=\"wp-image-506\" style=\"width: 120px;\" src=\"http:\/\/stc.uniroma2.it\/labcaptorvergata\/wp-content\/uploads\/2020\/08\/pic_EGatto_big.jpg\" alt=\"\"><\/td><td>&nbsp;&nbsp;<\/td><td><strong>Dr. Emanuela Gatto<\/strong><br><strong><em><span style=\"color:#cf2e2e\" class=\"tadv-color\">Supporto Gestione Qualit\u00e0&nbsp;<\/span>  <\/em><\/strong><br><font size=\"2.5pt\"><a aria-label=\"Download CV (opens in a new tab)\" href=\"http:\/\/stc.uniroma2.it\/labcaptorvergata\/wp-content\/uploads\/2020\/09\/cv_Gatto.pdf\" target=\"_blank\" rel=\"noreferrer noopener\"><span style=\"color:#758f2f\" class=\"tadv-color\">Download CV<\/span><\/a><\/font><\/td><\/tr><\/tbody><\/table><\/figure>\n\n\n\n<hr class=\"wp-block-separator has-css-opacity\"\/>\n\n\n\n<figure class=\"wp-block-table is-style-regular\"><table><tbody><tr><td><img decoding=\"async\" loading=\"lazy\" width=\"150\" height=\"200\" class=\"wp-image-576\" style=\"width: 120px;\" src=\"http:\/\/stc.uniroma2.it\/labcaptorvergata\/wp-content\/uploads\/2022\/09\/pic_GPetrella.jpg\" alt=\"\"><\/td><td>&nbsp;&nbsp;<\/td><td><strong>Dr. Greta Petrella <\/strong><br><strong><em><span style=\"color:#cf2e2e\" class=\"tadv-color\">Supporto Gestione Qualit\u00e0&nbsp;<\/span>  <\/em><\/strong><br><font size=\"2.5pt\"><span style=\"color:#758f2f\" class=\"tadv-color\"><a aria-label=\"Download CV (opens in a new tab)\" href=\"http:\/\/stc.uniroma2.it\/labcaptorvergata\/wp-content\/uploads\/2022\/09\/cv_PetrellaG-2022.pdf\" target=\"_blank\" rel=\"noreferrer noopener\">Download CV<\/a><\/span><\/font><\/td><td><img decoding=\"async\" loading=\"lazy\" width=\"120\" height=\"160\" class=\"wp-image-644\" style=\"width: 120px;\" src=\"https:\/\/stc.uniroma2.it\/labcaptorvergata\/wp-content\/uploads\/2023\/09\/pic_RLettieri_s.jpg\" alt=\"\"><\/td><td>&nbsp;&nbsp;<\/td><td><strong>Dr. Raffaella Lettieri<\/strong><br><strong><em><span style=\"color:#cf2e2e\" class=\"tadv-color\">Supporto Gestione Qualit\u00e0&nbsp;<\/span>  <\/em><\/strong><br><font size=\"2.5pt\"><span style=\"color:#758f2f\" class=\"tadv-color\"><a href=\"https:\/\/stc.uniroma2.it\/labcaptorvergata\/wp-content\/uploads\/2023\/09\/cv_Lettieri.pdf\" target=\"_blank\" rel=\"noreferrer noopener\">Download CV<\/a><\/span><\/font><\/td><\/tr><\/tbody><\/table><\/figure>\n","protected":false},"excerpt":{"rendered":"<p>&nbsp;&nbsp; Prof. Roberto PaolesseDirettore LabCapDownload CV &nbsp;&nbsp; Prof. Fabiana Arduini Responsabile Gestione Qualit\u00e0&nbsp;Download CV &nbsp;&nbsp; Dr. Leonardo DurantiSupporto Gestione Qualit\u00e0&nbsp; Download CV &nbsp;&nbsp; Dr. Emanuela GattoSupporto Gestione Qualit\u00e0&nbsp; Download CV<\/p>\n","protected":false},"author":1,"featured_media":0,"parent":5,"menu_order":1,"comment_status":"closed","ping_status":"closed","template":"","meta":{"_uag_custom_page_level_css":""},"yoast_head":"<!-- This site is optimized with the Yoast SEO plugin v20.4 - https:\/\/yoast.com\/wordpress\/plugins\/seo\/ -->\n<title>Direzione del Laboratorio -<\/title>\n<meta name=\"description\" content=\"Direzione del laboratorio LabCap - Prof. Roberto Paolesse, Direttore LabCap;Prof. Arduini Fabiana, Responsabile Gestione Qualit\u00e0....\" \/>\n<meta name=\"robots\" content=\"index, follow, max-snippet:-1, max-image-preview:large, max-video-preview:-1\" \/>\n<link rel=\"canonical\" href=\"https:\/\/stc.uniroma2.it\/labcaptorvergata\/chi-siamo\/direzione-del-laboratorio\/\" \/>\n<meta property=\"og:locale\" content=\"it_IT\" \/>\n<meta property=\"og:type\" content=\"article\" \/>\n<meta property=\"og:title\" content=\"Direzione del Laboratorio -\" \/>\n<meta property=\"og:description\" content=\"Direzione del laboratorio LabCap - Prof. Roberto Paolesse, Direttore LabCap;Prof. Arduini Fabiana, Responsabile Gestione Qualit\u00e0....\" \/>\n<meta property=\"og:url\" content=\"https:\/\/stc.uniroma2.it\/labcaptorvergata\/chi-siamo\/direzione-del-laboratorio\/\" \/>\n<meta property=\"article:modified_time\" content=\"2025-09-11T12:30:32+00:00\" \/>\n<meta property=\"og:image\" content=\"https:\/\/stc.uniroma2.it\/labcaptorvergata\/wp-content\/uploads\/2025\/09\/scheda_RPaolesse.jpg\" \/>\n<meta name=\"twitter:card\" content=\"summary_large_image\" \/>\n<meta name=\"twitter:label1\" content=\"Tempo di lettura stimato\" \/>\n\t<meta name=\"twitter:data1\" content=\"2 minuti\" \/>\n<script type=\"application\/ld+json\" class=\"yoast-schema-graph\">{\"@context\":\"https:\/\/schema.org\",\"@graph\":[{\"@type\":\"WebPage\",\"@id\":\"https:\/\/stc.uniroma2.it\/labcaptorvergata\/chi-siamo\/direzione-del-laboratorio\/\",\"url\":\"https:\/\/stc.uniroma2.it\/labcaptorvergata\/chi-siamo\/direzione-del-laboratorio\/\",\"name\":\"Direzione del Laboratorio -\",\"isPartOf\":{\"@id\":\"https:\/\/stc.uniroma2.it\/labcaptorvergata\/#website\"},\"datePublished\":\"2019-07-18T09:50:19+00:00\",\"dateModified\":\"2025-09-11T12:30:32+00:00\",\"description\":\"Direzione del laboratorio LabCap - Prof. Roberto Paolesse, Direttore LabCap;Prof. Arduini Fabiana, Responsabile Gestione Qualit\u00e0....\",\"breadcrumb\":{\"@id\":\"https:\/\/stc.uniroma2.it\/labcaptorvergata\/chi-siamo\/direzione-del-laboratorio\/#breadcrumb\"},\"inLanguage\":\"it-IT\",\"potentialAction\":[{\"@type\":\"ReadAction\",\"target\":[\"https:\/\/stc.uniroma2.it\/labcaptorvergata\/chi-siamo\/direzione-del-laboratorio\/\"]}]},{\"@type\":\"BreadcrumbList\",\"@id\":\"https:\/\/stc.uniroma2.it\/labcaptorvergata\/chi-siamo\/direzione-del-laboratorio\/#breadcrumb\",\"itemListElement\":[{\"@type\":\"ListItem\",\"position\":1,\"name\":\"Home\",\"item\":\"https:\/\/stc.uniroma2.it\/labcaptorvergata\/\"},{\"@type\":\"ListItem\",\"position\":2,\"name\":\"CHI SIAMO\",\"item\":\"https:\/\/stc.uniroma2.it\/labcaptorvergata\/chi-siamo\/\"},{\"@type\":\"ListItem\",\"position\":3,\"name\":\"Direzione del Laboratorio\"}]},{\"@type\":\"WebSite\",\"@id\":\"https:\/\/stc.uniroma2.it\/labcaptorvergata\/#website\",\"url\":\"https:\/\/stc.uniroma2.it\/labcaptorvergata\/\",\"name\":\"LabCap - Laboratorio di Certificazione di Analisi e Processi\",\"description\":\"\",\"publisher\":{\"@id\":\"https:\/\/stc.uniroma2.it\/labcaptorvergata\/#organization\"},\"alternateName\":\"LabCap\",\"potentialAction\":[{\"@type\":\"SearchAction\",\"target\":{\"@type\":\"EntryPoint\",\"urlTemplate\":\"https:\/\/stc.uniroma2.it\/labcaptorvergata\/?s={search_term_string}\"},\"query-input\":\"required name=search_term_string\"}],\"inLanguage\":\"it-IT\"},{\"@type\":\"Organization\",\"@id\":\"https:\/\/stc.uniroma2.it\/labcaptorvergata\/#organization\",\"name\":\"LabCAP\",\"url\":\"https:\/\/stc.uniroma2.it\/labcaptorvergata\/\",\"logo\":{\"@type\":\"ImageObject\",\"inLanguage\":\"it-IT\",\"@id\":\"https:\/\/stc.uniroma2.it\/labcaptorvergata\/#\/schema\/logo\/image\/\",\"url\":\"https:\/\/stc.uniroma2.it\/labcaptorvergata\/wp-content\/uploads\/2019\/07\/cropped-logo_labcaptvg.png\",\"contentUrl\":\"https:\/\/stc.uniroma2.it\/labcaptorvergata\/wp-content\/uploads\/2019\/07\/cropped-logo_labcaptvg.png\",\"width\":1366,\"height\":188,\"caption\":\"LabCAP\"},\"image\":{\"@id\":\"https:\/\/stc.uniroma2.it\/labcaptorvergata\/#\/schema\/logo\/image\/\"}}]}<\/script>\n<!-- \/ Yoast SEO plugin. -->","yoast_head_json":{"title":"Direzione del Laboratorio -","description":"Direzione del laboratorio LabCap - Prof. Roberto Paolesse, Direttore LabCap;Prof. Arduini Fabiana, Responsabile Gestione Qualit\u00e0....","robots":{"index":"index","follow":"follow","max-snippet":"max-snippet:-1","max-image-preview":"max-image-preview:large","max-video-preview":"max-video-preview:-1"},"canonical":"https:\/\/stc.uniroma2.it\/labcaptorvergata\/chi-siamo\/direzione-del-laboratorio\/","og_locale":"it_IT","og_type":"article","og_title":"Direzione del Laboratorio -","og_description":"Direzione del laboratorio LabCap - Prof. Roberto Paolesse, Direttore LabCap;Prof. Arduini Fabiana, Responsabile Gestione Qualit\u00e0....","og_url":"https:\/\/stc.uniroma2.it\/labcaptorvergata\/chi-siamo\/direzione-del-laboratorio\/","article_modified_time":"2025-09-11T12:30:32+00:00","og_image":[{"url":"https:\/\/stc.uniroma2.it\/labcaptorvergata\/wp-content\/uploads\/2025\/09\/scheda_RPaolesse.jpg"}],"twitter_card":"summary_large_image","twitter_misc":{"Tempo di lettura stimato":"2 minuti"},"schema":{"@context":"https:\/\/schema.org","@graph":[{"@type":"WebPage","@id":"https:\/\/stc.uniroma2.it\/labcaptorvergata\/chi-siamo\/direzione-del-laboratorio\/","url":"https:\/\/stc.uniroma2.it\/labcaptorvergata\/chi-siamo\/direzione-del-laboratorio\/","name":"Direzione del Laboratorio -","isPartOf":{"@id":"https:\/\/stc.uniroma2.it\/labcaptorvergata\/#website"},"datePublished":"2019-07-18T09:50:19+00:00","dateModified":"2025-09-11T12:30:32+00:00","description":"Direzione del laboratorio LabCap - Prof. Roberto Paolesse, Direttore LabCap;Prof. Arduini Fabiana, Responsabile Gestione Qualit\u00e0....","breadcrumb":{"@id":"https:\/\/stc.uniroma2.it\/labcaptorvergata\/chi-siamo\/direzione-del-laboratorio\/#breadcrumb"},"inLanguage":"it-IT","potentialAction":[{"@type":"ReadAction","target":["https:\/\/stc.uniroma2.it\/labcaptorvergata\/chi-siamo\/direzione-del-laboratorio\/"]}]},{"@type":"BreadcrumbList","@id":"https:\/\/stc.uniroma2.it\/labcaptorvergata\/chi-siamo\/direzione-del-laboratorio\/#breadcrumb","itemListElement":[{"@type":"ListItem","position":1,"name":"Home","item":"https:\/\/stc.uniroma2.it\/labcaptorvergata\/"},{"@type":"ListItem","position":2,"name":"CHI SIAMO","item":"https:\/\/stc.uniroma2.it\/labcaptorvergata\/chi-siamo\/"},{"@type":"ListItem","position":3,"name":"Direzione del Laboratorio"}]},{"@type":"WebSite","@id":"https:\/\/stc.uniroma2.it\/labcaptorvergata\/#website","url":"https:\/\/stc.uniroma2.it\/labcaptorvergata\/","name":"LabCap - Laboratorio di Certificazione di Analisi e Processi","description":"","publisher":{"@id":"https:\/\/stc.uniroma2.it\/labcaptorvergata\/#organization"},"alternateName":"LabCap","potentialAction":[{"@type":"SearchAction","target":{"@type":"EntryPoint","urlTemplate":"https:\/\/stc.uniroma2.it\/labcaptorvergata\/?s={search_term_string}"},"query-input":"required name=search_term_string"}],"inLanguage":"it-IT"},{"@type":"Organization","@id":"https:\/\/stc.uniroma2.it\/labcaptorvergata\/#organization","name":"LabCAP","url":"https:\/\/stc.uniroma2.it\/labcaptorvergata\/","logo":{"@type":"ImageObject","inLanguage":"it-IT","@id":"https:\/\/stc.uniroma2.it\/labcaptorvergata\/#\/schema\/logo\/image\/","url":"https:\/\/stc.uniroma2.it\/labcaptorvergata\/wp-content\/uploads\/2019\/07\/cropped-logo_labcaptvg.png","contentUrl":"https:\/\/stc.uniroma2.it\/labcaptorvergata\/wp-content\/uploads\/2019\/07\/cropped-logo_labcaptvg.png","width":1366,"height":188,"caption":"LabCAP"},"image":{"@id":"https:\/\/stc.uniroma2.it\/labcaptorvergata\/#\/schema\/logo\/image\/"}}]}},"uagb_featured_image_src":{"full":false,"thumbnail":false,"medium":false,"medium_large":false,"large":false,"1536x1536":false,"2048x2048":false,"royale-news-thumbnail-1":false,"royale-news-thumbnail-2":false,"royale-news-thumbnail-3":false,"royale-news-thumbnail-4":false},"uagb_author_info":{"display_name":"admin","author_link":"https:\/\/stc.uniroma2.it\/labcaptorvergata\/author\/admin\/"},"uagb_comment_info":0,"uagb_excerpt":"&nbsp;&nbsp; Prof. Roberto PaolesseDirettore LabCapDownload CV &nbsp;&nbsp; Prof. Fabiana Arduini Responsabile Gestione Qualit\u00e0&nbsp;Download CV &nbsp;&nbsp; Dr. Leonardo DurantiSupporto Gestione Qualit\u00e0&nbsp; Download CV &nbsp;&nbsp; Dr. Emanuela GattoSupporto Gestione Qualit\u00e0&nbsp; Download CV","_links":{"self":[{"href":"https:\/\/stc.uniroma2.it\/labcaptorvergata\/wp-json\/wp\/v2\/pages\/437"}],"collection":[{"href":"https:\/\/stc.uniroma2.it\/labcaptorvergata\/wp-json\/wp\/v2\/pages"}],"about":[{"href":"https:\/\/stc.uniroma2.it\/labcaptorvergata\/wp-json\/wp\/v2\/types\/page"}],"author":[{"embeddable":true,"href":"https:\/\/stc.uniroma2.it\/labcaptorvergata\/wp-json\/wp\/v2\/users\/1"}],"replies":[{"embeddable":true,"href":"https:\/\/stc.uniroma2.it\/labcaptorvergata\/wp-json\/wp\/v2\/comments?post=437"}],"version-history":[{"count":41,"href":"https:\/\/stc.uniroma2.it\/labcaptorvergata\/wp-json\/wp\/v2\/pages\/437\/revisions"}],"predecessor-version":[{"id":683,"href":"https:\/\/stc.uniroma2.it\/labcaptorvergata\/wp-json\/wp\/v2\/pages\/437\/revisions\/683"}],"up":[{"embeddable":true,"href":"https:\/\/stc.uniroma2.it\/labcaptorvergata\/wp-json\/wp\/v2\/pages\/5"}],"wp:attachment":[{"href":"https:\/\/stc.uniroma2.it\/labcaptorvergata\/wp-json\/wp\/v2\/media?parent=437"}],"curies":[{"name":"wp","href":"https:\/\/api.w.org\/{rel}","templated":true}]}}