{"id":10,"date":"2019-07-01T17:44:15","date_gmt":"2019-07-01T15:44:15","guid":{"rendered":"http:\/\/stc-2019.uniroma2.it\/labcaptorvergata\/?page_id=10"},"modified":"2023-02-28T17:04:28","modified_gmt":"2023-02-28T16:04:28","slug":"notizie-labcap","status":"publish","type":"page","link":"https:\/\/stc.uniroma2.it\/labcaptorvergata\/notizie-labcap\/","title":{"rendered":"NOTIZIE"},"content":{"rendered":"\n<h3><em>SPlastica<\/em><\/h3>\n\n\n\n<p class=\"has-text-align-right\"><img decoding=\"async\" loading=\"lazy\" width=\"433\" height=\"158\" class=\"wp-image-536\" style=\"width: 150px;\" src=\"http:\/\/stc.uniroma2.it\/labcaptorvergata\/wp-content\/uploads\/2020\/09\/logo_SPlastica.png\" alt=\"\" srcset=\"https:\/\/stc.uniroma2.it\/labcaptorvergata\/wp-content\/uploads\/2020\/09\/logo_SPlastica.png 433w, https:\/\/stc.uniroma2.it\/labcaptorvergata\/wp-content\/uploads\/2020\/09\/logo_SPlastica-300x109.png 300w\" sizes=\"(max-width: 433px) 100vw, 433px\" \/>  <\/p>\n\n\n\n<p>SPlastica \u00e8 una spin-off di Tor Vergata che realizza materiali sostenibili e biodegradabili, a partire da sottoprodotti e scarti organici. <\/p>\n\n\n\n<p><a rel=\"noreferrer noopener\" aria-label=\"Link al progetto SPlastica (opens in a new tab)\" href=\"https:\/\/www.splastica.com\/\" target=\"_blank\"><span style=\"color:#758f2f\" class=\"tadv-color\">Link al progetto SPlastica<\/span><\/a><\/p>\n\n\n\n<hr class=\"wp-block-separator has-css-opacity\"\/>\n\n\n\n<h3 id=\"x_progetto-goccia\"><em>Il progetto GOCCIA &#8211; Goal One Cambiamento Climatico In Ateneo<\/em><\/h3>\n\n\n\n<p>Dall&#8217;idea di un Project work di due partecipanti al Master MARIS &#8211; Rendicontazione Innovazione Sostenibilit\u00e0\u00a0, che riprende una best practice gi\u00e0\u00a0 adottata da alcuni atenei italiani, anche la nostra Universit\u00e0\u00a0 ha scelto di promuovere il consumo di acqua potabile e l&#8217;uso bottiglie riutilizzabili per limitare la produzione e il consumo di bottiglie in PET. LabCap\u00a0risulta partner strategico del progetto in quanto laboratorio allocatario responsabile delle analisi chimiche delle acque.\u00a0<\/p>\n\n\n\n<p><a rel=\"noreferrer noopener\" aria-label=\"Link al progetto GOCCIA (opens in a new tab)\" href=\"https:\/\/sostenibile.uniroma2.it\/ateneo-sostenibile\/goccia\/\" target=\"_blank\"><span style=\"color:#758f2f\" class=\"tadv-color\">Link al progetto GOCCIA<\/span><\/a><\/p>\n\n\n\n<p> <\/p>\n\n\n\n<hr class=\"wp-block-separator has-css-opacity\"\/>\n\n\n\n<h3><em> Lab NMR <\/em><\/h3>\n\n\n\n<p>Il laboratorio NMR del dipartimento di Scienze e Tecnologie Chimiche dell&#8217;Universit\u00e0\u00a0 degli studi di Roma &#8220;Tor vergata&#8221;\u009d si occupa da oltre trent&#8217;anni della determinazione strutturale di molecole organiche e macromolecole. Recentemente in questo laboratorio si sono inoltre intraprese diverse attivit\u00e0\u00a0 nel campo della metabolomica e nell&#8217;identificazione e quantificazione di metaboliti presenti in biofluidi, terreni e pellet cellulari ed anche in estratti vegetali. Nel laboratorio \u00e8 presente uno spettrometro Bruker Avance 700 MHz con il quale \u00e8 possibile eseguire analisi con alta risoluzione e sensibilit\u00e0\u00a0 di composti organici o di miscele biologiche complesse. Inoltre, l&#8217;acquisizione di spettri NMR monodimesionali e bidimensionali ad alti campi potr\u00e0\u00a0 garantire un&#8217;alta efficienza nella elucidazione strutturale e nell&#8217;identificazione di composti in soluzione.<\/p>\n\n\n\n<hr class=\"wp-block-separator has-css-opacity\"\/>\n\n\n\n<h3><em>Visita ispettiva CSQ<\/em><\/h3>\n\n\n\n<p>Marted\u00ec 3 Settembre 2019 visita ispettiva della certificazione della qualit\u00e0\u00a0 <em>(Visita ispettiva CSQ)<\/em>. <\/p>\n\n\n\n<hr class=\"wp-block-separator has-css-opacity\"\/>\n\n\n\n<h3><strong>A &#8220;Tor Vergata&#8221;\u009d la Chimica si apre al mondo industriale<\/strong><\/h3>\n\n\n\n<figure class=\"wp-block-embed is-type-video is-provider-youtube wp-block-embed-youtube wp-embed-aspect-16-9 wp-has-aspect-ratio\"><div class=\"wp-block-embed__wrapper\">\n<iframe loading=\"lazy\" title=\"A \u201cTor Vergata\u201d la Chimica si apre al mondo industriale\" width=\"640\" height=\"360\" src=\"https:\/\/www.youtube.com\/embed\/FnvPRKeRf7g?feature=oembed\" frameborder=\"0\" allow=\"accelerometer; autoplay; clipboard-write; encrypted-media; gyroscope; picture-in-picture; web-share\" allowfullscreen><\/iframe>\n<\/div><figcaption class=\"wp-element-caption\"> <a rel=\"noreferrer noopener\" target=\"_blank\" href=\"https:\/\/www.youtube.com\/watch?v=FnvPRKeRf7g\"><br><\/a><\/figcaption><\/figure>\n","protected":false},"excerpt":{"rendered":"<p>SPlastica SPlastica \u00e8 una spin-off di Tor Vergata che realizza materiali sostenibili e biodegradabili, a partire da sottoprodotti e scarti organici. Link al progetto SPlastica Il progetto GOCCIA &#8211; Goal<\/p>\n","protected":false},"author":1,"featured_media":0,"parent":0,"menu_order":3,"comment_status":"closed","ping_status":"closed","template":"","meta":{"_uag_custom_page_level_css":""},"yoast_head":"<!-- This site is optimized with the Yoast SEO plugin v20.4 - https:\/\/yoast.com\/wordpress\/plugins\/seo\/ -->\n<title>NOTIZIE -<\/title>\n<meta name=\"description\" content=\"In questa pagina sono presenti tutte le notizie che riguardano LabCap\" \/>\n<meta name=\"robots\" content=\"index, follow, max-snippet:-1, max-image-preview:large, max-video-preview:-1\" \/>\n<link rel=\"canonical\" href=\"https:\/\/stc.uniroma2.it\/labcaptorvergata\/notizie-labcap\/\" \/>\n<meta property=\"og:locale\" content=\"it_IT\" \/>\n<meta property=\"og:type\" content=\"article\" \/>\n<meta property=\"og:title\" content=\"NOTIZIE -\" \/>\n<meta property=\"og:description\" content=\"In questa pagina sono presenti tutte le notizie che riguardano LabCap\" \/>\n<meta property=\"og:url\" content=\"https:\/\/stc.uniroma2.it\/labcaptorvergata\/notizie-labcap\/\" \/>\n<meta property=\"article:modified_time\" content=\"2023-02-28T16:04:28+00:00\" \/>\n<meta property=\"og:image\" content=\"http:\/\/stc.uniroma2.it\/labcaptorvergata\/wp-content\/uploads\/2020\/09\/logo_SPlastica.png\" \/>\n<meta name=\"twitter:card\" content=\"summary_large_image\" \/>\n<meta name=\"twitter:label1\" content=\"Tempo di lettura stimato\" \/>\n\t<meta name=\"twitter:data1\" content=\"1 minuto\" \/>\n<script type=\"application\/ld+json\" class=\"yoast-schema-graph\">{\"@context\":\"https:\/\/schema.org\",\"@graph\":[{\"@type\":\"WebPage\",\"@id\":\"https:\/\/stc.uniroma2.it\/labcaptorvergata\/notizie-labcap\/\",\"url\":\"https:\/\/stc.uniroma2.it\/labcaptorvergata\/notizie-labcap\/\",\"name\":\"NOTIZIE -\",\"isPartOf\":{\"@id\":\"https:\/\/stc.uniroma2.it\/labcaptorvergata\/#website\"},\"datePublished\":\"2019-07-01T15:44:15+00:00\",\"dateModified\":\"2023-02-28T16:04:28+00:00\",\"description\":\"In questa pagina sono presenti tutte le notizie che riguardano LabCap\",\"breadcrumb\":{\"@id\":\"https:\/\/stc.uniroma2.it\/labcaptorvergata\/notizie-labcap\/#breadcrumb\"},\"inLanguage\":\"it-IT\",\"potentialAction\":[{\"@type\":\"ReadAction\",\"target\":[\"https:\/\/stc.uniroma2.it\/labcaptorvergata\/notizie-labcap\/\"]}]},{\"@type\":\"BreadcrumbList\",\"@id\":\"https:\/\/stc.uniroma2.it\/labcaptorvergata\/notizie-labcap\/#breadcrumb\",\"itemListElement\":[{\"@type\":\"ListItem\",\"position\":1,\"name\":\"Home\",\"item\":\"https:\/\/stc.uniroma2.it\/labcaptorvergata\/\"},{\"@type\":\"ListItem\",\"position\":2,\"name\":\"NOTIZIE\"}]},{\"@type\":\"WebSite\",\"@id\":\"https:\/\/stc.uniroma2.it\/labcaptorvergata\/#website\",\"url\":\"https:\/\/stc.uniroma2.it\/labcaptorvergata\/\",\"name\":\"LabCap - Laboratorio di Certificazione di Analisi e Processi\",\"description\":\"\",\"publisher\":{\"@id\":\"https:\/\/stc.uniroma2.it\/labcaptorvergata\/#organization\"},\"alternateName\":\"LabCap\",\"potentialAction\":[{\"@type\":\"SearchAction\",\"target\":{\"@type\":\"EntryPoint\",\"urlTemplate\":\"https:\/\/stc.uniroma2.it\/labcaptorvergata\/?s={search_term_string}\"},\"query-input\":\"required name=search_term_string\"}],\"inLanguage\":\"it-IT\"},{\"@type\":\"Organization\",\"@id\":\"https:\/\/stc.uniroma2.it\/labcaptorvergata\/#organization\",\"name\":\"LabCAP\",\"url\":\"https:\/\/stc.uniroma2.it\/labcaptorvergata\/\",\"logo\":{\"@type\":\"ImageObject\",\"inLanguage\":\"it-IT\",\"@id\":\"https:\/\/stc.uniroma2.it\/labcaptorvergata\/#\/schema\/logo\/image\/\",\"url\":\"https:\/\/stc.uniroma2.it\/labcaptorvergata\/wp-content\/uploads\/2019\/07\/cropped-logo_labcaptvg.png\",\"contentUrl\":\"https:\/\/stc.uniroma2.it\/labcaptorvergata\/wp-content\/uploads\/2019\/07\/cropped-logo_labcaptvg.png\",\"width\":1366,\"height\":188,\"caption\":\"LabCAP\"},\"image\":{\"@id\":\"https:\/\/stc.uniroma2.it\/labcaptorvergata\/#\/schema\/logo\/image\/\"}}]}<\/script>\n<!-- \/ Yoast SEO plugin. -->","yoast_head_json":{"title":"NOTIZIE -","description":"In questa pagina sono presenti tutte le notizie che riguardano LabCap","robots":{"index":"index","follow":"follow","max-snippet":"max-snippet:-1","max-image-preview":"max-image-preview:large","max-video-preview":"max-video-preview:-1"},"canonical":"https:\/\/stc.uniroma2.it\/labcaptorvergata\/notizie-labcap\/","og_locale":"it_IT","og_type":"article","og_title":"NOTIZIE -","og_description":"In questa pagina sono presenti tutte le notizie che riguardano LabCap","og_url":"https:\/\/stc.uniroma2.it\/labcaptorvergata\/notizie-labcap\/","article_modified_time":"2023-02-28T16:04:28+00:00","og_image":[{"url":"http:\/\/stc.uniroma2.it\/labcaptorvergata\/wp-content\/uploads\/2020\/09\/logo_SPlastica.png"}],"twitter_card":"summary_large_image","twitter_misc":{"Tempo di lettura stimato":"1 minuto"},"schema":{"@context":"https:\/\/schema.org","@graph":[{"@type":"WebPage","@id":"https:\/\/stc.uniroma2.it\/labcaptorvergata\/notizie-labcap\/","url":"https:\/\/stc.uniroma2.it\/labcaptorvergata\/notizie-labcap\/","name":"NOTIZIE -","isPartOf":{"@id":"https:\/\/stc.uniroma2.it\/labcaptorvergata\/#website"},"datePublished":"2019-07-01T15:44:15+00:00","dateModified":"2023-02-28T16:04:28+00:00","description":"In questa pagina sono presenti tutte le notizie che riguardano LabCap","breadcrumb":{"@id":"https:\/\/stc.uniroma2.it\/labcaptorvergata\/notizie-labcap\/#breadcrumb"},"inLanguage":"it-IT","potentialAction":[{"@type":"ReadAction","target":["https:\/\/stc.uniroma2.it\/labcaptorvergata\/notizie-labcap\/"]}]},{"@type":"BreadcrumbList","@id":"https:\/\/stc.uniroma2.it\/labcaptorvergata\/notizie-labcap\/#breadcrumb","itemListElement":[{"@type":"ListItem","position":1,"name":"Home","item":"https:\/\/stc.uniroma2.it\/labcaptorvergata\/"},{"@type":"ListItem","position":2,"name":"NOTIZIE"}]},{"@type":"WebSite","@id":"https:\/\/stc.uniroma2.it\/labcaptorvergata\/#website","url":"https:\/\/stc.uniroma2.it\/labcaptorvergata\/","name":"LabCap - Laboratorio di Certificazione di Analisi e Processi","description":"","publisher":{"@id":"https:\/\/stc.uniroma2.it\/labcaptorvergata\/#organization"},"alternateName":"LabCap","potentialAction":[{"@type":"SearchAction","target":{"@type":"EntryPoint","urlTemplate":"https:\/\/stc.uniroma2.it\/labcaptorvergata\/?s={search_term_string}"},"query-input":"required name=search_term_string"}],"inLanguage":"it-IT"},{"@type":"Organization","@id":"https:\/\/stc.uniroma2.it\/labcaptorvergata\/#organization","name":"LabCAP","url":"https:\/\/stc.uniroma2.it\/labcaptorvergata\/","logo":{"@type":"ImageObject","inLanguage":"it-IT","@id":"https:\/\/stc.uniroma2.it\/labcaptorvergata\/#\/schema\/logo\/image\/","url":"https:\/\/stc.uniroma2.it\/labcaptorvergata\/wp-content\/uploads\/2019\/07\/cropped-logo_labcaptvg.png","contentUrl":"https:\/\/stc.uniroma2.it\/labcaptorvergata\/wp-content\/uploads\/2019\/07\/cropped-logo_labcaptvg.png","width":1366,"height":188,"caption":"LabCAP"},"image":{"@id":"https:\/\/stc.uniroma2.it\/labcaptorvergata\/#\/schema\/logo\/image\/"}}]}},"uagb_featured_image_src":{"full":false,"thumbnail":false,"medium":false,"medium_large":false,"large":false,"1536x1536":false,"2048x2048":false,"royale-news-thumbnail-1":false,"royale-news-thumbnail-2":false,"royale-news-thumbnail-3":false,"royale-news-thumbnail-4":false},"uagb_author_info":{"display_name":"admin","author_link":"https:\/\/stc.uniroma2.it\/labcaptorvergata\/author\/admin\/"},"uagb_comment_info":0,"uagb_excerpt":"SPlastica SPlastica \u00e8 una spin-off di Tor Vergata che realizza materiali sostenibili e biodegradabili, a partire da sottoprodotti e scarti organici. Link al progetto SPlastica Il progetto GOCCIA &#8211; Goal","_links":{"self":[{"href":"https:\/\/stc.uniroma2.it\/labcaptorvergata\/wp-json\/wp\/v2\/pages\/10"}],"collection":[{"href":"https:\/\/stc.uniroma2.it\/labcaptorvergata\/wp-json\/wp\/v2\/pages"}],"about":[{"href":"https:\/\/stc.uniroma2.it\/labcaptorvergata\/wp-json\/wp\/v2\/types\/page"}],"author":[{"embeddable":true,"href":"https:\/\/stc.uniroma2.it\/labcaptorvergata\/wp-json\/wp\/v2\/users\/1"}],"replies":[{"embeddable":true,"href":"https:\/\/stc.uniroma2.it\/labcaptorvergata\/wp-json\/wp\/v2\/comments?post=10"}],"version-history":[{"count":11,"href":"https:\/\/stc.uniroma2.it\/labcaptorvergata\/wp-json\/wp\/v2\/pages\/10\/revisions"}],"predecessor-version":[{"id":622,"href":"https:\/\/stc.uniroma2.it\/labcaptorvergata\/wp-json\/wp\/v2\/pages\/10\/revisions\/622"}],"wp:attachment":[{"href":"https:\/\/stc.uniroma2.it\/labcaptorvergata\/wp-json\/wp\/v2\/media?parent=10"}],"curies":[{"name":"wp","href":"https:\/\/api.w.org\/{rel}","templated":true}]}}