 {"id":11291,"date":"2023-02-16T17:32:47","date_gmt":"2023-02-16T16:32:47","guid":{"rendered":"https:\/\/www-2022.stc.uniroma2.it\/?page_id=11291"},"modified":"2023-03-01T14:28:49","modified_gmt":"2023-03-01T13:28:49","slug":"collaborazioni","status":"publish","type":"page","link":"https:\/\/stc.uniroma2.it\/?page_id=11291","title":{"rendered":"Collaborazioni"},"content":{"rendered":"\n<p style=\"font-size:18px\"><em>Internazionali<\/em><\/p>\n\n\n\n<ul class=\"wp-block-list\"><li>Department of Neurosurgery, Tel Aviv Medical Center, affiliated to the Sackler Faculty of Medicine, Tel-Aviv University, Tel-Aviv, Israel<\/li><li>SINTEF Medical Technology \/NTNU, Norway<\/li><li>Department of Nuclear, Plasma, and Radiological Engineering, University of Illinois at Urbana-Champaign<\/li><li>Institut de Qu\u00edmica Computacional i Cat\u00e0lisi (IQCC), Universitat de Girona, Spain<\/li><li>Department of Chemistry, University of California Los Angeles, USA<\/li><li>Institute of Organic Chemistry, RWTH Aachen University, Germany<\/li><li>Centro de Ingenier\u00eda Gen\u00e9tica y Biotecnolog\u00eda &#8211; Havana (Cuba)<\/li><li>University of California San Diego (UCSD) &#8211; USA<\/li><li>McGill University (Canada)<\/li><li>CMAB-CSIC (Barcellona- Spain)<\/li><li>University of California Santa Barbara (UCSB) &#8211; USA<\/li><li>Wageningen University (Netherland)<\/li><li>Koret School of Veterinary Medicine, The Hebrew University of Jerusalem<\/li><li>Casali Institut, The Hebrew University of Jerusalem<\/li><li>Universit\u00e9 Paris Saclay, France<\/li><li>SINTEF Medical Technology \/NTNU, Norway<\/li><li>Department of Nuclear, Plasma, and Radiological Engineering, University of Illinois at Urbana-Champaign<\/li><li>Institut de Qu\u00edmica Computacional i Cat\u00e0lisi (IQCC), Universitat de Girona, Spain<\/li><li>Department of Chemistry, University of California Los Angeles, USA<\/li><li>Institute of Organic Chemistry, RWTH Aachen University, Germany<\/li><li>Institute of Organic Chemistry, RWTH Aachen University, Germany<\/li><li>Centro de Ingenier\u00eda Gen\u00e9tica y Biotecnolog\u00eda &#8211; Havana (Cuba)<\/li><li>University of California San Diego (UCSD) &#8211; USA<\/li><li>McGill University (Canada)<\/li><li>CMAB-CSIC (Barcellona- Spain)<\/li><li>University of California Santa Barbara (UCSB) &#8211; USA<\/li><li>Wageningen University (Netherland)<\/li><li>Koret School of Veterinary Medicine, The Hebrew University of Jerusalem<\/li><li>Casali Institut, The Hebrew University of Jerusalem<\/li><li>Universit\u00e9 Paris Saclay, France<\/li><\/ul>\n\n\n\n<p style=\"font-size:18px\"><em> Nazionali<\/em><\/p>\n\n\n\n<ul class=\"wp-block-list\"><li>CREA Centro di ricerca Olivicoltura, Frutticoltura e Agrumicoltura<\/li><li>Istituto Superiore per la Protezione e Ricerca Ambientale (ISPRA)<\/li><li>ISM Istituto di Struttura della Materia del CNR<\/li><li>IFN Istituto di Fotonica e Nanotecnologie del CNR<\/li><\/ul>\n","protected":false},"excerpt":{"rendered":"<p>Internazionali Department of Neurosurgery, Tel Aviv Medical Center, affiliated to the Sackler Faculty of Medicine, Tel-Aviv University, Tel-Aviv, Israel SINTEF Medical Technology \/NTNU, Norway Department of Nuclear, Plasma, and Radiological Engineering, University of Illinois at Urbana-Champaign Institut de Qu\u00edmica Computacional<\/p>\n","protected":false},"author":1,"featured_media":0,"parent":266,"menu_order":7,"comment_status":"closed","ping_status":"closed","template":"","meta":{"_cbd_carousel_blocks":"[]","_uag_custom_page_level_css":"","_EventAllDay":false,"_EventTimezone":"","_EventStartDate":"","_EventEndDate":"","_EventStartDateUTC":"","_EventEndDateUTC":"","_EventShowMap":false,"_EventShowMapLink":false,"_EventURL":"","_EventCost":"","_EventCostDescription":"","_EventCurrencySymbol":"","_EventCurrencyCode":"","_EventCurrencyPosition":"","_EventDateTimeSeparator":"","_EventTimeRangeSeparator":"","_EventOrganizerID":[],"_EventVenueID":0,"_OrganizerEmail":"","_OrganizerPhone":"","_OrganizerWebsite":"","_VenueAddress":"","_VenueCity":"","_VenueCountry":"","_VenueProvince":"","_VenueZip":"","_VenuePhone":"","_VenueURL":"","_VenueStateProvince":"","_VenueLat":"","_VenueLng":"","footnotes":""},"class_list":["post-11291","page","type-page","status-publish","hentry"],"uagb_featured_image_src":{"full":false,"thumbnail":false,"medium":false,"medium_large":false,"large":false,"1536x1536":false,"2048x2048":false,"featured-blog-large":false,"featured-blog-small":false,"featured-service":false,"featured-recent-work":false},"uagb_author_info":{"display_name":"admin","author_link":"https:\/\/stc.uniroma2.it\/?author=1"},"uagb_comment_info":0,"uagb_excerpt":"Internazionali Department of Neurosurgery, Tel Aviv Medical Center, affiliated to the Sackler Faculty of Medicine, Tel-Aviv University, Tel-Aviv, Israel SINTEF Medical Technology \/NTNU, Norway Department of Nuclear, Plasma, and Radiological Engineering, University of Illinois at Urbana-Champaign Institut de Qu\u00edmica Computacional","_links":{"self":[{"href":"https:\/\/stc.uniroma2.it\/index.php?rest_route=\/wp\/v2\/pages\/11291","targetHints":{"allow":["GET"]}}],"collection":[{"href":"https:\/\/stc.uniroma2.it\/index.php?rest_route=\/wp\/v2\/pages"}],"about":[{"href":"https:\/\/stc.uniroma2.it\/index.php?rest_route=\/wp\/v2\/types\/page"}],"author":[{"embeddable":true,"href":"https:\/\/stc.uniroma2.it\/index.php?rest_route=\/wp\/v2\/users\/1"}],"replies":[{"embeddable":true,"href":"https:\/\/stc.uniroma2.it\/index.php?rest_route=%2Fwp%2Fv2%2Fcomments&post=11291"}],"version-history":[{"count":3,"href":"https:\/\/stc.uniroma2.it\/index.php?rest_route=\/wp\/v2\/pages\/11291\/revisions"}],"predecessor-version":[{"id":11294,"href":"https:\/\/stc.uniroma2.it\/index.php?rest_route=\/wp\/v2\/pages\/11291\/revisions\/11294"}],"up":[{"embeddable":true,"href":"https:\/\/stc.uniroma2.it\/index.php?rest_route=\/wp\/v2\/pages\/266"}],"wp:attachment":[{"href":"https:\/\/stc.uniroma2.it\/index.php?rest_route=%2Fwp%2Fv2%2Fmedia&parent=11291"}],"curies":[{"name":"wp","href":"https:\/\/api.w.org\/{rel}","templated":true}]}}