 {"id":10705,"date":"2022-11-14T09:58:03","date_gmt":"2022-11-14T08:58:03","guid":{"rendered":"https:\/\/www-2022.stc.uniroma2.it\/?page_id=10705"},"modified":"2022-11-14T09:58:04","modified_gmt":"2022-11-14T08:58:04","slug":"bandi-archiviati","status":"publish","type":"page","link":"https:\/\/stc.uniroma2.it\/?page_id=10705","title":{"rendered":"Bandi archiviati"},"content":{"rendered":"<ul class=\"lcp_catlist\" id=\"lcp_instance_0\"><li><a href=\"https:\/\/stc.uniroma2.it\/?p=14839\">Avviso di Selezione per il conferimento di n. 5 incarichi di natura occasionale<\/a><span class=\"my-date\">  3 Novembre 2025<\/span><div class=\"lcp_excerpt\">\nE\u2019 pubblicato un Avviso di Selezione per il conferimento di n. 5 incarichi di natura occasionale da svolgersi nell\u2019interesse del Dipartimento di Scienze e Tecnologie Chimiche dell\u2019Universit\u00e0 degli Studi di Roma \u201cTor Vergata\u201d.\n\n\nAttivit\u00e0 da svolgere:\n\n\n\nTutoraggio per attivit\u00e0 a supporto ai corsi di insegnamento: &#8220;General and BioInorganic Chemistry&#8221;; &#8220;Analytical Chemistry&#8221;; &#8220;Organic Chemistry&#8221;; &#8220;Drug Analysis Module I&#8221; ...<\/div><\/li><li><a href=\"https:\/\/stc.uniroma2.it\/?p=14203\">Avviso di Selezione per il conferimento di n. 2 incarichi di natura occasionale<\/a><span class=\"my-date\">  17 Marzo 2025<\/span><div class=\"lcp_excerpt\">\nE\u2019 pubblicato un Avviso di Selezione per il conferimento di n. 2 incarichi di natura occasionale da svolgersi nell\u2019interesse del Dipartimento di Scienze e Tecnologie Chimiche dell\u2019Universit\u00e0 degli Studi di Roma \u201cTor Vergata\u201d.\n\n\nAttivit\u00e0 da svolgere:\n\n\n\ntutoraggio per attivit\u00e0 a supporto al corso di insegnamento \u201cOrganic Chemistry\u201d ed al corso di insegnamento \u201cDrug Analysis II\u201d, Corso di ...<\/div><\/li><li><a href=\"https:\/\/stc.uniroma2.it\/?p=14172\">Elezioni rappresentanti del Personale T.A.B.<\/a><span class=\"my-date\">  7 Marzo 2025<\/span><div class=\"lcp_excerpt\">\nSono indette le elezioni di n.2 rappresentanti del Personale T.A.B. nel Consiglio del Dipartimento di Scienze e Tecnologie Chimiche per il triennio accademico 2024\/2027.\n\n\nLe operazioni di voto si svolgeranno in modalit\u00e0 telematica.\n\n\nPrima tornata nel giorno 10\/04\/2025&nbsp;(dalle ore 00:00 alle ore 23:59).Seconda tornata, in caso di mancato raggiungimento del quorum nella prima votazione, nel giorno 14\/04\/2025&nbsp;(dalle ...<\/div><\/li><li><a href=\"https:\/\/stc.uniroma2.it\/?p=14188\">Elezioni del rappresentante degli studenti nel Collegio dei docenti del dottorato in Materials for Sustainable Development<\/a><span class=\"my-date\">  4 Marzo 2025<\/span><div class=\"lcp_excerpt\">\nSono indette le elezioni di n. 1 rappresentante degli studenti nel Collegio dei Docenti del Dottorato in Materials for Sustainable Development.\n\n\nLe operazioni di voto si svolgeranno in modalit\u00e0 telematica.\n\n\nPrima tornata nel giorno 10\/04\/2025 (dalle ore 00:00 alle ore 23:59).Seconda tornata, in caso di mancato raggiungimento del quorum nella prima votazione, nel giorno 14\/04\/2025 (dalle ore ...<\/div><\/li><li><a href=\"https:\/\/stc.uniroma2.it\/?p=14190\">Elezioni di n. 7 rappresentanti degli studenti e di n. 2 rappresentanti dei dottorandi nel Dipartimento di Scienze e Tecnologie Chimiche<\/a><span class=\"my-date\">  4 Marzo 2025<\/span><div class=\"lcp_excerpt\">\nSono indette le elezioni di n. 7 rappresentanti degli studenti e di n. 2 rappresentanti dei dottorandi nel Consiglio di Dipartimento di Scienze e Tecnologie Chimiche.\n\n\nLe operazioni di voto si svolgeranno in modalit\u00e0 telematica.\n\n\nPrima tornata nel giorno 10\/04\/2025 (dalle ore 00:00 alle ore 23:59).Seconda tornata, in caso di mancato raggiungimento del quorum nella prima votazione, ...<\/div><\/li><li><a href=\"https:\/\/stc.uniroma2.it\/?p=14177\">Indizione Elezioni Dottorandi in Scienze Chimiche<\/a><span class=\"my-date\">  4 Marzo 2025<\/span><div class=\"lcp_excerpt\">\nSono indette le elezioni di n. 2 rappresentanti dei dottorandi nel Collegio dei Docenti del Dottorato in Scienze Chimiche dell&#8217;Universit\u00e0 degli studi di Tor Vergata.\n\n\nLe operazioni di voto si svolgeranno in modalit\u00e0 telematica.\n\n\nPrima tornata nel giorno 10\/04\/2025&nbsp;(dalle ore 00:00 alle ore 23:59).Seconda tornata, in caso di mancato raggiungimento del quorum nella prima votazione, nel giorno ...<\/div><\/li><li><a href=\"https:\/\/stc.uniroma2.it\/?p=14170\">Indizione Elezioni Paritetica<\/a><span class=\"my-date\">  4 Marzo 2025<\/span><div class=\"lcp_excerpt\">\nSono indette le elezioni di n.4 studenti per la Componente Studentesca della Commissione Paritetica del Dipartimento di Scienze e Tecnologie Chimiche.\n\n\nLe operazioni di voto si svolgeranno in modalit\u00e0 telematica.\n\n\nPrima tornata nel giorno 10\/04\/2025&nbsp;(dalle ore 00:00 alle ore 23:59).Seconda tornata, in caso di mancato raggiungimento del quorum nella prima votazione, nel giorno 14\/04\/2025&nbsp;(dalle ore 00:00 alle ...<\/div><\/li><li><a href=\"https:\/\/stc.uniroma2.it\/?p=13875\">Vincitore della selezione per il Premio Mariano Paliotta 2024<\/a><span class=\"my-date\">  2 Dicembre 2024<\/span><div class=\"lcp_excerpt\">\nLa vincitrice della Sesta edizione del Premio Mariano Paliotta \u00e8 la dott.ssa Simona Cesaroni, la quale ha presentato una tesi dal titolo: \u201cStudio del metabolismo di cellule di colangiocarcinoma in colture 2D e 3D mediante spettroscopia NMR\u201d, relatori Prof. D. O. Cicero, dott.ssa Greta Petrella.\n\n\nLa tesi \u00e8 stata selezionata come vincitrice per la qualit\u00e0 scientifica ...<\/div><\/li><li><a href=\"https:\/\/stc.uniroma2.it\/?p=13861\">Avviso di Selezione per il conferimento di n. 1 incarico di natura occasionale<\/a><span class=\"my-date\">  15 Novembre 2024<\/span><div class=\"lcp_excerpt\">\nE\u2019 pubblicato un Avviso di Selezione per il conferimento di n. 1 incarico di natura occasionale da svolgersi nell\u2019interesse del Dipartimento di Scienze e Tecnologie Chimiche dell\u2019Universit\u00e0 degli Studi di Roma \u201cTor Vergata\u201d.\n\n\nAttivit\u00e0 da svolgere:\n\n\n\ntutoraggio per attivit\u00e0 a supporto al corso di insegnamento &#8220;Chimica Generale e Inorganica 1 e Laboratorio&#8221;, Corso di Laurea in Chimica ...<\/div><\/li><li><a href=\"https:\/\/stc.uniroma2.it\/?p=13793\">Verbale e graduatoria bando Prot. n. 0002134 del 24\/09\/2024<\/a><span class=\"my-date\">  7 Ottobre 2024<\/span><div class=\"lcp_excerpt\">\nDownload Verbale\n\n<\/div><\/li><li><a href=\"https:\/\/stc.uniroma2.it\/?p=13741\">Avviso di Selezione per il conferimento di n. 1 incarico di natura occasionale<\/a><span class=\"my-date\">  24 Settembre 2024<\/span><div class=\"lcp_excerpt\">\nE\u2019 pubblicato un Avviso di Selezione per il conferimento di n. 1 incarico di natura occasionale da svolgersi nell\u2019interesse del Dipartimento di Scienze e Tecnologie Chimiche dell\u2019Universit\u00e0 degli Studi di Roma \u201cTor Vergata\u201d.\n\n\nAttivit\u00e0 da svolgere:\n\n\n\ntutoraggio per attivit\u00e0 a supporto alla didattica per l&#8217;insegnamento di Chimica da 9 CFU eroganti nei corsi di Laurea Triennali di ...<\/div><\/li><li><a href=\"https:\/\/stc.uniroma2.it\/?p=13690\">Bando Premio Mariano Paliotta 2024<\/a><span class=\"my-date\">  11 Settembre 2024<\/span><div class=\"lcp_excerpt\">\nAvviso di selezione pubblica per il premio \u201cMariano Paliotta\u201d di miglior TESI in Chimica Magistrale discussa presso l\u2019Universit\u00e0 degli Studi di Roma \u201cTor Vergata\u201d.\n\n\nLa domanda di partecipazione dovr\u00e0 essere trasmessa in modalit\u00e0 telematica, compilando il modulo allegato alla fine di questo articolo, che dovr\u00e0 essere inviato unitamente alla tesi (in formato pdf) alla prof.ssa C. ...<\/div><\/li><li><a href=\"https:\/\/stc.uniroma2.it\/?p=13311\">Avviso di Selezione per il conferimento di n. 1 incarico di natura occasionale<\/a><span class=\"my-date\">  15 Luglio 2024<\/span><div class=\"lcp_excerpt\">\nE\u2019 pubblicato un Avviso di Selezione per il conferimento di n. 1 incarico di natura occasionale per esigenze relative alla formazione di docenti nell&#8217;ambito del Progetto &#8220;SeedScience-connessioni globali per l&#8217;educazione scientifica locale&#8221; nell\u2019interesse del Dipartimento di Scienze e Tecnologie Chimiche dell\u2019Universit\u00e0 degli Studi di Roma \u201cTor Vergata\u201d.\n\n\nAttivit\u00e0 da svolgere:\n\n\n\nattivit\u00e0 di formazione per le finalit\u00e0 didattiche ...<\/div><\/li><li><a href=\"https:\/\/stc.uniroma2.it\/?p=13309\">Bando Young Health Programme<\/a><span class=\"my-date\">  11 Luglio 2024<\/span><div class=\"lcp_excerpt\">\nIl bando \u00e8 &nbsp;relativo alla nuova edizione dello&nbsp;Young Health Programme&nbsp;di&nbsp;AstraZeneca&nbsp;Italia.\n\n\nLa&nbsp;scadenza per la presentazione dei&nbsp;progetti&nbsp;\u00e8 il&nbsp;17 luglio 2024.\n\n\nPer maggiori informazioni sul bando cliccare qui\n\n<\/div><\/li><li><a href=\"https:\/\/stc.uniroma2.it\/?p=13306\">Avviso pubblico MUR n. 201 per la presentazione di proposte progettuali da parte di giovani ricercatori<\/a><span class=\"my-date\">  10 Luglio 2024<\/span><div class=\"lcp_excerpt\">\nAvviso MUR&nbsp;Young Researchers 2024: &nbsp;scadenze:\n\n\n\nGiovani ricercatori vincitori di grant MSCA:&nbsp;&nbsp;ore 12:00 del 1\u00b0 ottobre 2024\nGiovani ricercatori beneficiari di \u201cSeal of Excellence\u201d:&nbsp;ore 12:00 del 19 dicembre 2024\n\n\n\nIl Ministero dell\u2019universit\u00e0 e della ricerca, nel quadro dell\u2019attuazione del Piano Nazionale di Ripresa e Resilienza (PNRR), Missione 4 \u201cIstruzione e Ricerca\u201d \u2013 Componente 2 \u201cDalla ricerca all\u2019impresa\u201d, Investimento 1.2 ...<\/div><\/li><li><a href=\"https:\/\/stc.uniroma2.it\/?p=13254\">Bando Dottorato Nazionale in Catalisi<\/a><span class=\"my-date\">  26 Giugno 2024<\/span><div class=\"lcp_excerpt\">\nNell&#8217;ambito del Dottorato di Interesse Nazionale in Catalisi, di recente accreditamento, \u00e8 disponibile una borsa di Dottorato (DM 630), in collaborazione con l&#8217;azienda Versalis, per un progetto incentrato sullo \u201cSviluppo di Catalizzatori Bifunzionali, quali zeoliti funzionalizzate e strutture Core-Shell, per la Conversione di CO2 in Olefine Leggere. Ottimizzazione del Processo e Applicazioni Industriali.\u201d sotto la ...<\/div><\/li><li><a href=\"https:\/\/stc.uniroma2.it\/?p=13246\">Avviso di Selezione per il conferimento di n. 3 incarichi di natura occasionale<\/a><span class=\"my-date\">  24 Giugno 2024<\/span><div class=\"lcp_excerpt\">\nE\u2019 pubblicato un Avviso di Selezione per il conferimento di n. 3 incarichi di natura occasionale nell\u2019interesse del Dipartimento di Scienze e Tecnologie Chimiche dell\u2019Universit\u00e0 degli Studi di Roma \u201cTor Vergata\u201d.\n\n\nAttivit\u00e0 da svolgere:\n\n\n\nattivit\u00e0 di supporto al laboratori previsti per il Piano Lauree Scientifiche-Chimica dedicati alla Formazione insegnanti e Studenti delle scuole superiori.\n\n\n\nProt. n. 0001538 del ...<\/div><\/li><li><a href=\"https:\/\/stc.uniroma2.it\/?p=13185\">Elezioni del Direttore del Dipartimento di Scienze e Tecnologie Chimiche<\/a><span class=\"my-date\">  28 Maggio 2024<\/span><div class=\"lcp_excerpt\">\nSono indette le elezioni del Direttore del Dipartimento di Scienze e Tecnologie Chimiche per il triennio&nbsp;accademico 2024\/27.\n\n\nLe operazioni di voto in modalit\u00e0 telematica avranno luogo in prima tornata nel giorno 2 settembre 2024 dalle 00:00 alle ore 23:59, ed in seconda tornata, in caso di mancato raggiungimento del quorum, il giorno 05 settembre 2024 dalle ...<\/div><\/li><li><a href=\"https:\/\/stc.uniroma2.it\/?p=13131\">Avviso di selezione pubblica per l\u2019assegnazione di una borsa post-laurea, progetto MHCD<\/a><span class=\"my-date\">  20 Maggio 2024<\/span><div class=\"lcp_excerpt\">\nD.R. n. 1616 del 17\/05\/2024&nbsp; &#8211; Responsabile Scientifica Prof.ssa Fabiana ARDUINI\n\n\nSelezione pubblica, per titoli e colloquio, per l\u2019assegnazione di una borsa post-laurea, della durata di nove mesi, per lo svolgimento di attivit\u00e0 di ricerca presso il Dipartimento di Scienze e Tecnologie Chimiche inerente al Progetto: \u201cMonitoring Heart and Cardiovascular Disease\u201d finanziato nell\u2019ambito del POR FESR ...<\/div><\/li><li><a href=\"https:\/\/stc.uniroma2.it\/?p=13109\">Premi di Laurea sulle tematiche di genere<\/a><span class=\"my-date\">  14 Maggio 2024<\/span><div class=\"lcp_excerpt\">\nIl nostro Ateneo promuove la parit\u00e0 di genere in attuazione dell\u2019obiettivo 5 dell\u2019Agenda ONU 2030. \n\n\nIn coerenza con il Piano di Uguaglianza di genere 2024-2026 e al fine di promuovere la riflessione e stimolare la ricerca in materia di parit\u00e0 e pari opportunit\u00e0, valorizzando l\u2019impegno di giovani che nell\u2019elaborazione della propria tesi di laurea diano ...<\/div><\/li><\/ul><ul class='lcp_paginator'><li class='lcp_currentpage'>1<\/li><li><a href='https:\/\/stc.uniroma2.it\/index.php?rest_route=%2Fwp%2Fv2%2Fpages%2F10705&#038;lcp_page0=2#lcp_instance_0' title='2'>2<\/a><\/li><li><a href='https:\/\/stc.uniroma2.it\/index.php?rest_route=%2Fwp%2Fv2%2Fpages%2F10705&#038;lcp_page0=3#lcp_instance_0' title='3'>3<\/a><\/li><li><a href='https:\/\/stc.uniroma2.it\/index.php?rest_route=%2Fwp%2Fv2%2Fpages%2F10705&#038;lcp_page0=4#lcp_instance_0' title='4'>4<\/a><\/li><li><a href='https:\/\/stc.uniroma2.it\/index.php?rest_route=%2Fwp%2Fv2%2Fpages%2F10705&#038;lcp_page0=5#lcp_instance_0' title='5'>5<\/a><\/li><li><a href='https:\/\/stc.uniroma2.it\/index.php?rest_route=%2Fwp%2Fv2%2Fpages%2F10705&#038;lcp_page0=6#lcp_instance_0' title='6'>6<\/a><\/li><span class='lcp_elipsis'>...<\/span><li><a href='https:\/\/stc.uniroma2.it\/index.php?rest_route=%2Fwp%2Fv2%2Fpages%2F10705&#038;lcp_page0=8#lcp_instance_0' title='8'>8<\/a><\/li><li><a href='https:\/\/stc.uniroma2.it\/index.php?rest_route=%2Fwp%2Fv2%2Fpages%2F10705&#038;lcp_page0=2#lcp_instance_0' title='2' class='lcp_nextlink'>&gt;&gt;<\/a><\/li><\/ul>\n","protected":false},"excerpt":{"rendered":"","protected":false},"author":1,"featured_media":0,"parent":10701,"menu_order":1,"comment_status":"closed","ping_status":"closed","template":"","meta":{"_cbd_carousel_blocks":"[]","_uag_custom_page_level_css":"","_EventAllDay":false,"_EventTimezone":"","_EventStartDate":"","_EventEndDate":"","_EventStartDateUTC":"","_EventEndDateUTC":"","_EventShowMap":false,"_EventShowMapLink":false,"_EventURL":"","_EventCost":"","_EventCostDescription":"","_EventCurrencySymbol":"","_EventCurrencyCode":"","_EventCurrencyPosition":"","_EventDateTimeSeparator":"","_EventTimeRangeSeparator":"","_EventOrganizerID":[],"_EventVenueID":0,"_OrganizerEmail":"","_OrganizerPhone":"","_OrganizerWebsite":"","_VenueAddress":"","_VenueCity":"","_VenueCountry":"","_VenueProvince":"","_VenueZip":"","_VenuePhone":"","_VenueURL":"","_VenueStateProvince":"","_VenueLat":"","_VenueLng":"","footnotes":""},"class_list":["post-10705","page","type-page","status-publish","hentry"],"uagb_featured_image_src":{"full":false,"thumbnail":false,"medium":false,"medium_large":false,"large":false,"1536x1536":false,"2048x2048":false,"featured-blog-large":false,"featured-blog-small":false,"featured-service":false,"featured-recent-work":false},"uagb_author_info":{"display_name":"admin","author_link":"https:\/\/stc.uniroma2.it\/?author=1"},"uagb_comment_info":0,"uagb_excerpt":null,"_links":{"self":[{"href":"https:\/\/stc.uniroma2.it\/index.php?rest_route=\/wp\/v2\/pages\/10705","targetHints":{"allow":["GET"]}}],"collection":[{"href":"https:\/\/stc.uniroma2.it\/index.php?rest_route=\/wp\/v2\/pages"}],"about":[{"href":"https:\/\/stc.uniroma2.it\/index.php?rest_route=\/wp\/v2\/types\/page"}],"author":[{"embeddable":true,"href":"https:\/\/stc.uniroma2.it\/index.php?rest_route=\/wp\/v2\/users\/1"}],"replies":[{"embeddable":true,"href":"https:\/\/stc.uniroma2.it\/index.php?rest_route=%2Fwp%2Fv2%2Fcomments&post=10705"}],"version-history":[{"count":1,"href":"https:\/\/stc.uniroma2.it\/index.php?rest_route=\/wp\/v2\/pages\/10705\/revisions"}],"predecessor-version":[{"id":10706,"href":"https:\/\/stc.uniroma2.it\/index.php?rest_route=\/wp\/v2\/pages\/10705\/revisions\/10706"}],"up":[{"embeddable":true,"href":"https:\/\/stc.uniroma2.it\/index.php?rest_route=\/wp\/v2\/pages\/10701"}],"wp:attachment":[{"href":"https:\/\/stc.uniroma2.it\/index.php?rest_route=%2Fwp%2Fv2%2Fmedia&parent=10705"}],"curies":[{"name":"wp","href":"https:\/\/api.w.org\/{rel}","templated":true}]}}