 {"id":10326,"date":"2022-11-07T10:27:30","date_gmt":"2022-11-07T09:27:30","guid":{"rendered":"https:\/\/www-2022.stc.uniroma2.it\/?page_id=10326"},"modified":"2022-11-07T11:54:58","modified_gmt":"2022-11-07T10:54:58","slug":"introduzione","status":"publish","type":"page","link":"https:\/\/stc.uniroma2.it\/?page_id=10326","title":{"rendered":"Introduzione"},"content":{"rendered":"\n<p><strong>Cos&#8217;\u00e8  la Terza Missione<\/strong><\/p>\n\n\n\n<p>Con l&#8217;espressione &#8220;<strong>terza missione<\/strong>&#8221; si intende l\u2019insieme delle attivit\u00e0 con le quali le universit\u00e0 entrano in <strong>interazione diretta con la societ\u00e0<\/strong>, affiancando le missioni tradizionali di <strong>insegnamento <\/strong>(prima missione, che si basa sulla <strong>interazione con gli studenti<\/strong>) e di <strong>ricerca<\/strong> (seconda missione, in <strong>interazione<\/strong> prevalentemente <strong>con le comunit\u00e0 scientifiche<\/strong>). Con la terza missione le universit\u00e0 vengono quindi ad assumere un nuovo fondamentale compito accanto a quelli tradizionali dell\u2019alta formazione e della ricerca scientifica: il dialogo con la societ\u00e0.<br>La&nbsp; &#8220;terza missione&#8221; prevede di conseguenza una <strong>molteplicit\u00e0 di attivit\u00e0<\/strong> che mettono in relazione la ricerca universitaria e la societ\u00e0.<br>Una prima fondamentale tipologia consiste nella <strong>valorizzazione economica della conoscenza<\/strong>, nella cui fattispecie si configurano le attivit\u00e0 di trasferimento tecnologico finalizzate alla valutazione, alla protezione, al <em>marketing<\/em> e alla commercializzazione di tecnologie sviluppate nell&#8217;ambito dei progetti di ricerca condotti dal mondo accademico e, pi\u00f9 in generale, alla gestione della propriet\u00e0 intellettuale in relazione con gli stessi progetti. In questa tipologia di terza missione rientrano i progetti di ricerca conto-terzi, commissionati da aziende alle universit\u00e0, in virt\u00f9 del ruolo primario che il mondo accademico \u00e8 chiamato a svolgere nel panorama della ricerca scientifica nazionale e internazionale, nonch\u00e9 la creazione di imprese (<em>spin-off<\/em>).<br>Una seconda modalit\u00e0 di interazione tra mondo della ricerca e societ\u00e0 \u00e8 denominata dall&#8217;ANVUR come &#8220;terza missione culturale e sociale&#8221; e riguarda la produzione di beni pubblici che aumentano <strong>il benessere della societ\u00e0<\/strong>. Tali beni possono avere un contenuto culturale (eventi e beni culturali, gestione di poli museali, scavi archeologici, divulgazione scientifica), sociale (salute pubblica, attivit\u00e0 a beneficio della comunit\u00e0, consulenze tecnico-professionali), educativo (educazione degli adulti, <em>life-long learning<\/em>, formazione continua) e di sviluppo di consapevolezza civile (dibattiti e controversie pubbliche, <em>expertise <\/em>scientifica). Un aspetto importante della terza missione culturale e sociale \u00e8 rappresentato dal coinvolgimento del pubblico su tematiche scientifiche e tecnologiche al fine di accrescere le competenze di cittadinanza consapevole, anche su tematiche che possano avere ricadute politiche e sociali (cambiamenti climatici, OGM, cellule staminali, nanotecnologie, ecc.).<\/p>\n\n\n\n<p>Il <strong>Dipartimento di Scienze e Tecnologie Chimiche<\/strong> (DSTC) \u00e8 fortemente attivo sul fronte della terza missione, per quanto attiene sia la valorizzazione economica della conoscenza (contratti conto-terzi e spin-off <em>in primis<\/em>), sia per il supporto fornito alla societ\u00e0 nel suo complesso, al fine di aumentarne il benessere culturale e sociale.<\/p>\n\n\n\n<p>DSTC sostiene l&#8217;attivit\u00e0 industriale mediante la messa a&nbsp; punto di nuovi&nbsp; prodotti, processi e metodi analitici per piccole, medie e grandi aziende e consorzi, sia nazionali che internazionali, quali FATER, CHEMI, WFS Ground, Costec, Harditalia srl, MAVI Sud, CNCCS, Cosmed, FILMS SpA, Viscolube, Soleko, Schalcon, Plada, IRSVEM, Biomedica Foscama, Procter &amp; Gamble, Fater, Bridgestone, Stora Enso, Marangoni, ACS-DOBFAR, Sanofi-Avensis, Bristol-Myers, Squibb, FCA, Fidia farmaceutici, Menarini, Systea, Parmalat, Microbia.<\/p>\n\n\n\n<p>In numerosi casi la collaborazione tra aziende e DSTC ha portato allo sviluppo e commercializzazione di <strong>processi e prodotti innovativi<\/strong>, nonch\u00e9 a <strong>brevetti anche internazionali<\/strong>.<\/p>\n\n\n\n<p>Nell&#8217;ambito della terza missione culturale e sociale, DSTC promuove attivit\u00e0 culturali quali la organizzazione di convegni, conferenze, dibattiti, seminari, mostre, concerti, partecipazione a trasmissioni radiofoniche, televisive e a incontri e dibattiti ed eventi divulgativi (Notte dei Ricercatori; Scienza Orienta, dedicata alla divulgazione scientifica e all&#8217;orientamento per gli studenti delle scuole secondarie di secondo grado; Giochi della Chimica; Salone dello Studente) e attivit\u00e0 di formazione (<a href=\"http:\/\/www.stc.uniroma2.it\/pls\/\" target=\"_blank\" rel=\"noopener noreferrer\">PLS<\/a>; corsi di aggiornamento teorico\/pratici di specializzazione).<\/p>\n","protected":false},"excerpt":{"rendered":"<p>Cos&#8217;\u00e8 la Terza Missione Con l&#8217;espressione &#8220;terza missione&#8221; si intende l\u2019insieme delle attivit\u00e0 con le quali le universit\u00e0 entrano in interazione diretta con la societ\u00e0, affiancando le missioni tradizionali di insegnamento (prima missione, che si basa sulla interazione con gli<\/p>\n","protected":false},"author":1,"featured_media":0,"parent":10303,"menu_order":1,"comment_status":"closed","ping_status":"closed","template":"","meta":{"_cbd_carousel_blocks":"[]","_uag_custom_page_level_css":"","_EventAllDay":false,"_EventTimezone":"","_EventStartDate":"","_EventEndDate":"","_EventStartDateUTC":"","_EventEndDateUTC":"","_EventShowMap":false,"_EventShowMapLink":false,"_EventURL":"","_EventCost":"","_EventCostDescription":"","_EventCurrencySymbol":"","_EventCurrencyCode":"","_EventCurrencyPosition":"","_EventDateTimeSeparator":"","_EventTimeRangeSeparator":"","_EventOrganizerID":[],"_EventVenueID":0,"_OrganizerEmail":"","_OrganizerPhone":"","_OrganizerWebsite":"","_VenueAddress":"","_VenueCity":"","_VenueCountry":"","_VenueProvince":"","_VenueZip":"","_VenuePhone":"","_VenueURL":"","_VenueStateProvince":"","_VenueLat":"","_VenueLng":"","footnotes":""},"class_list":["post-10326","page","type-page","status-publish","hentry"],"uagb_featured_image_src":{"full":false,"thumbnail":false,"medium":false,"medium_large":false,"large":false,"1536x1536":false,"2048x2048":false,"featured-blog-large":false,"featured-blog-small":false,"featured-service":false,"featured-recent-work":false},"uagb_author_info":{"display_name":"admin","author_link":"https:\/\/stc.uniroma2.it\/?author=1"},"uagb_comment_info":0,"uagb_excerpt":"Cos&#8217;\u00e8 la Terza Missione Con l&#8217;espressione &#8220;terza missione&#8221; si intende l\u2019insieme delle attivit\u00e0 con le quali le universit\u00e0 entrano in interazione diretta con la societ\u00e0, affiancando le missioni tradizionali di insegnamento (prima missione, che si basa sulla interazione con gli","_links":{"self":[{"href":"https:\/\/stc.uniroma2.it\/index.php?rest_route=\/wp\/v2\/pages\/10326","targetHints":{"allow":["GET"]}}],"collection":[{"href":"https:\/\/stc.uniroma2.it\/index.php?rest_route=\/wp\/v2\/pages"}],"about":[{"href":"https:\/\/stc.uniroma2.it\/index.php?rest_route=\/wp\/v2\/types\/page"}],"author":[{"embeddable":true,"href":"https:\/\/stc.uniroma2.it\/index.php?rest_route=\/wp\/v2\/users\/1"}],"replies":[{"embeddable":true,"href":"https:\/\/stc.uniroma2.it\/index.php?rest_route=%2Fwp%2Fv2%2Fcomments&post=10326"}],"version-history":[{"count":2,"href":"https:\/\/stc.uniroma2.it\/index.php?rest_route=\/wp\/v2\/pages\/10326\/revisions"}],"predecessor-version":[{"id":10347,"href":"https:\/\/stc.uniroma2.it\/index.php?rest_route=\/wp\/v2\/pages\/10326\/revisions\/10347"}],"up":[{"embeddable":true,"href":"https:\/\/stc.uniroma2.it\/index.php?rest_route=\/wp\/v2\/pages\/10303"}],"wp:attachment":[{"href":"https:\/\/stc.uniroma2.it\/index.php?rest_route=%2Fwp%2Fv2%2Fmedia&parent=10326"}],"curies":[{"name":"wp","href":"https:\/\/api.w.org\/{rel}","templated":true}]}}